t n(z) be the second derivative of r(z). What is the units digit of n(5)?
8
Let s(d) = -2*d**3 - 4*d**2 + 2*d + 504. What is the tens digit of s(0)?
0
Let x(z) = 4*z + 10. Let a be x(-4). What is the tens digit of 12/(-8)*424/a?
0
Suppose 2*h + 29 = 3*l, -5*l + 50 = -2*h + 11. What is the units digit of 4/(-14) + (-9)/h?
1
Let j(b) be the third derivative of 0 - 2*b**3 + 3*b**2 + 0*b + 5/12*b**4. What is the units digit of j(4)?
8
Let z(r) = 44*r - 551. What is the hundreds digit of z(18)?
2
Let p(z) = -3 + 2*z - 5*z + 2 - 2. Let y be p(-5). Suppose d - 1 = r, -5*r - y = 4*d - 52. What is the units digit of r?
4
Suppose -z = -56 + 22. Suppose v - 17 = r + 3*r, z = 2*v - 2*r. What is the units digit of v?
7
What is the units digit of (12 - 152/12)*-2484?
6
What is the units digit of 164/(-6)*-47 - 4/(-3)?
6
Let q(a) = 4*a**2 - 18*a + 19. What is the hundreds digit of q(14)?
5
Suppose -11*x + 18*x - 3605 = 0. What is the units digit of x?
5
Suppose p = 3*p - 802. Let n = -278 + p. What is the hundreds digit of n?
1
Let z(y) = -y**2 + 24*y - 93. What is the units digit of z(13)?
0
Suppose 3*i = 5*k + 76, -2*k + 67 = 3*i + 5. Suppose -4*z + i = -2*z. What is the tens digit of z?
1
Let f be ((-2)/4)/((-5)/20). Let q = 2 - f. Suppose 0 = -q*r - 4*r + 88. What is the units digit of r?
2
Let l(m) = m**2 - 13*m + 11. Let r be l(12). What is the tens digit of (8 + r + -1)*418/66?
3
Suppose 4*p = 3*b - 19 - 12, 4*p - b = -21. What is the units digit of 2*(-64)/p - -4?
6
Suppose 41 + 99 = -4*q. Suppose 3 = -6*h + 3*h, 3*h = 2*x + 23. Let u = x - q. What is the tens digit of u?
2
Suppose 30*k - 4*a = 26*k + 6660, 5*k + 4*a = 8289. What is the units digit of k?
1
Suppose g + 6 = 3*g. Suppose -n + g = -0*n. What is the tens digit of (n - -32 - 4) + 0?
3
Suppose 0 = -l - 2*d + 1, 5*l - 11 = -2*d - 2*d. Let p = l - 1. Let g(n) = 5*n. What is the units digit of g(p)?
0
Let f(w) = -w**3 - w**2 + w. Let k be f(-2). Let g = 10 + k. Let q = g + -7. What is the units digit of q?
5
Let j(a) = 7*a - 15. Suppose -2*u + 10 + 12 = 0. What is the tens digit of j(u)?
6
Suppose -416 = -5*a + a. Let n(x) = -x + 74. Let f be n(0). Let z = a - f. What is the units digit of z?
0
Let t = -16 + 26. Suppose -4*r = -d - 0*r + 54, -t = 5*r. What is the units digit of d?
6
Suppose 1102 = -d + 3143. What is the hundreds digit of d?
0
Suppose l - f - 201 = 0, 609 = 3*l + 3*f - 0*f. What is the units digit of l?
2
Suppose s - 309 = 5*p, p = 4*s - 4*p - 1311. What is the hundreds digit of s?
3
Suppose -4*p = -2*i + 88, -5*p - 5*i - 123 = -i. Suppose 4*v + 4*d + 100 = v, -138 = 4*v + 3*d. Let o = p - v. What is the tens digit of o?
1
Let d = -69 + 71. Suppose 9*t - 4*t = -d*b + 244, -568 = -5*b - 2*t. What is the units digit of b?
2
Let k = 295 - 123. What is the hundreds digit of k?
1
Let f(m) be the third derivative of m**5/30 + 3*m**4/8 + 13*m**3/6 - 2*m**2. Let s be f(-4). Suppose -3*i + 99 = s. What is the tens digit of i?
3
Let y be 12/(-48) + (-26)/(-8). Suppose 109 = 4*k + y*i, 4*k - 4*i = -3 + 119. What is the tens digit of ((-35)/k)/((-1)/20)?
2
Let x = -1 + 13. Suppose 2*j - x = -4*j. Suppose 3 - j = d. What is the units digit of d?
1
Suppose -f - 1 = -g, -4 = -3*g - g. What is the tens digit of 2*7 + f + -4?
1
Suppose 2765 + 1995 = 10*d. What is the units digit of d?
6
Suppose -3*a = -3*j + 4224, -2*j - 2*a + 1821 = -1003. What is the thousands digit of j?
1
Let o(h) = 5*h**2 + 5*h + 10. Let t be o(-4). Suppose 4*n = 2*q - 110, 0 = -3*q + 5 - 2. Let b = n + t. What is the tens digit of b?
4
Let s(t) be the first derivative of -3*t**4/4 - 5*t**3/3 - 2*t**2 - 7*t + 16. What is the units digit of s(-3)?
1
Suppose -2*i = -3*g - 1597, -4*g - 2393 = -i - 2*i. What is the hundreds digit of i?
7
Suppose -2*k - v = -1342 + 103, 0 = k + 2*v - 621. What is the tens digit of k?
1
Let k(u) = 17*u - 4. Let x = -2 - -3. What is the tens digit of k(x)?
1
Suppose -2*b - 146 = -616. What is the units digit of b?
5
Let z = -4 - 1. Let q = z + 10. Suppose -143 = -q*j - 23. What is the units digit of j?
4
Let x = 10 + -4. Suppose 4*s - x = 2*j, 2*j - 3*j - 1 = -s. What is the units digit of s + 46 + (2 - 2)?
8
Let k be (-76)/(-24) + -3 + (-16868)/(-24). Let f = -359 + k. What is the units digit of f?
4
Let l = 31 - 27. Suppose -173 = -3*b - 2*h, 4*b + 25 - 269 = l*h. What is the tens digit of b?
5
Let d(l) = l**3 - 2*l**2 + 11*l. What is the units digit of d(5)?
0
Let h = 8 - 6. Let n(t) = 3*t**2 - 6*t + 3. Let v be n(h). Suppose 7*g + 3*f = 3*g + 49, 4*f - 28 = -v*g. What is the tens digit of g?
1
Suppose 0 = -n - 4*g + 810, 2*g = -2*n - 0*n + 1620. What is the units digit of n?
0
Let r = -140 + 199. Let q = r - 31. What is the units digit of q?
8
Let n = -28 + 27. Let p be (0 + 3)/(n - 0). What is the tens digit of (p - 1)*(-124)/8?
6
Let z(n) = -n. Let i(o) = -3*o - 7. Let g(m) = i(m) - 4*z(m). Let b be g(7). What is the units digit of (5 - b)*(-2)/(-10)?
1
Let s be (54/(-15))/(24/(-320)). Let v = s + -9. What is the units digit of v?
9
Let g = 867 - 921. Suppose 0*o + o - 98 = 0. Let b = o + g. What is the units digit of b?
4
Let d(f) = 51*f + 60. What is the thousands digit of d(28)?
1
Suppose -4*j = -2*j - 446. Suppose p + 0*p = 2*d - j, 5*d + p - 547 = 0. What is the hundreds digit of d?
1
Let j = 1679 + -1078. What is the units digit of j?
1
Let u = 15 + -11. Suppose -2*a + u*a = -4*s + 10, -3*s = -a. What is the tens digit of 19/(-57) - (-196)/a?
6
Suppose -7464 = -12*x - 0*x. Suppose -3*y = -x + 88. What is the units digit of y?
8
Suppose 0*x = -6*x + 12. Suppose j + p - 105 = 2*p, -x*p = -4*j + 424. What is the tens digit of j?
0
Let s be 0 + -2 - (-4 + 0 - 8). Let j(w) = -w**2 + 43. Let q be j(0). Let r = s + q. What is the tens digit of r?
5
Let f(y) = -y**3 - 11*y**2 - 2*y - 7. Let s be f(-11). Suppose -2*o + 5*o - s = 0. Suppose -2*x = -5*x - o*u + 131, -u = 3*x - 115. What is the tens digit of x?
3
Let r(m) = m**3 + m**2 + 44. Let u(s) = 9*s + 45. Let w be u(-5). What is the units digit of r(w)?
4
Let r = 10 + 7. Let p be 29 + -14 + 1/(-1). Suppose p*i + 153 = r*i. What is the units digit of i?
1
Let h = 27 + -23. Suppose h*p + 0*m = -2*m + 6, 0 = -3*m - 3. Suppose p*b - 7 = 15. What is the units digit of b?
1
Let y be 20/(-3)*(-18)/(-15). Let w = y + 12. Suppose b - 3*d = w, -2*b + 0*d - d = -1. What is the units digit of b?
1
Let f be 6/(126/(-3)) + 1030/7. Let r = f - 38. What is the tens digit of r?
0
Let c be 0/((3 - -2) + -2). Suppose -19 = -m + 5*g - g, c = -m + 3*g + 15. Suppose -v - 2*v - m = 0, 5*v - 250 = -5*q. What is the units digit of q?
1
Let x be (-6)/10*(4 - 34). Suppose 2*m - m = -x. What is the tens digit of (-1076)/m + 2/9?
6
Let s = -509 + 1267. What is the hundreds digit of s?
7
Let q(s) = -s + 9. Let d be q(0). Let i(o) = 12*o**2 + 14*o - 5 - 3*o**2 - 10*o**2. What is the tens digit of i(d)?
4
Suppose -6 = -p - k, 0*p + p = 3*k - 10. Suppose 2*t = p*h - 26 - 78, 5*h + 2*t - 288 = 0. Suppose 6*r = 16 + h. What is the tens digit of r?
1
Let k(j) = -j**2 + 4*j - 4. Let p be k(6). Let q(u) = -u**2 + 3*u - 17. Let y be q(0). Let c = p - y. What is the units digit of c?
1
Suppose -4 = 3*p - 1, 3*q - 2*p + 106 = 0. What is the tens digit of ((-9)/6)/(2/q) + -2?
2
Let s(f) = f**3 - 10*f**2 - 2. Let z be s(10). What is the units digit of (z/3)/(4/(-162))?
7
Let w(a) = -11 + 11 + 25*a - 32*a + 48. What is the tens digit of w(-14)?
4
Suppose -149 = -2*k + 101. Let c = k - 32. What is the units digit of c?
3
Let p(n) = -n**2 + 6*n + 11. Let z be p(6). Suppose l = -z*l + 1500. What is the units digit of l?
5
Suppose 5*t - 3*b - 313 = 1129, -3*t - 3*b + 846 = 0. Suppose -3*k + t = 112. What is the units digit of k?
8
Let l = 7206 - 3120. What is the tens digit of l?
8
Suppose 0 = -0*u + 2*u + 10. Let f be -2 - (u - -1 - -1). Suppose 2*v + c + 3 = 9, 0 = v + c - f. What is the units digit of v?
5
Suppose -2205 = 5*h - 8*h. Suppose 2*d - 2*s - 362 = 2*s, 4*d - h = -3*s. What is the hundreds digit of d?
1
Let v = 2960 - 1992. What is the units digit of v?
8
Let u = -429 - -840. What is the units digit of u?
1
Suppose 40 = 2*j - 4*f, 5*j + 0*f - 2*f = 76. Suppose j = 2*q - 16. What is the tens digit of q?
1
What is the tens digit of (-2)/(((-84)/1631)/6)?
3
Let a(b) = -b*